et y = 2143 + c. Is y a composite number?
False
Suppose 0 = -v + 4*u, -5*v - 18 = -3*u + u. Let k(f) = -20*f + 13. Let c be k(v). Let g = c + -14. Is g a prime number?
True
Let l(g) be the first derivative of 176*g**3/3 + 6*g**2 - 25*g - 48. Is l(4) a composite number?
True
Let d(z) = -28*z + 35. Let s(t) = -t + 1. Let a(n) = -d(n) + 5*s(n). Suppose 6*p - 47 - 55 = 0. Is a(p) prime?
False
Suppose -3*u + 3849295 = -2*p, 40*u + 2*p + 5132394 = 44*u. Is u a prime number?
True
Suppose 4*n = -y + 11, y + 2*n = 6 + 1. Suppose 0 = 5*z - y*a - 12871, 5*a + 1185 + 1398 = z. Is z composite?
True
Let a = 329 + -326. Suppose p + 640 = -7*o + 8*o, -a*o - p + 1924 = 0. Is o a prime number?
True
Let w = -666 - -671. Suppose -m = 4*x - 8517, x - 5*m + 8521 = w*x. Is x prime?
True
Let c = -436204 + 636923. Is c a prime number?
False
Is 2*(-1*2 + (-10646604)/(-24) + -5) prime?
True
Suppose 3*n - 296 = 1057. Let f(m) = -2*m**3 + 5*m - 39. Let h be f(5). Let l = h + n. Is l prime?
False
Let n = 8637 - -124498. Is n a composite number?
True
Let m = 47 - 37. Suppose -3*t = -5*t + m. Suppose 5466 = 4*h - 0*v + 2*v, 0 = -t*h - 4*v + 6834. Is h prime?
False
Let o be 15*((-20)/(-15))/4. Let q be -1 + 6 + (5 + -5)/o. Suppose -132 - 551 = -4*j - 5*g, -5*j + q*g = -910. Is j a composite number?
True
Let u = 250 - 245. Suppose -5*t - 4*g = -3707, g + 3451 + 266 = u*t. Is t a composite number?
False
Let h = -377926 - -776193. Is h composite?
False
Let q(s) = 103*s - 890. Is q(19) composite?
True
Let x = 14785 - 8672. Is x composite?
False
Let s(k) = -2*k**3 - 11*k + 61001. Is s(0) a composite number?
False
Let x = 90358 + -53669. Is x composite?
True
Suppose 1063297 = 105*j - 8440844 + 1760286. Is j a composite number?
False
Let w = -41 + 55. Suppose -10*s + w = -5*s + d, 4*d = -4. Suppose -k + s*g + 1765 = 0, -2*k + 0*g - 3*g = -3512. Is k a composite number?
False
Let x be 1*2 + (-276)/(-12). Let l = x - 19. Is 1179/l*(-6)/(-9) a composite number?
False
Is ((-10)/(-8))/(12/454128) prime?
False
Let i = -137349 + 295378. Is i composite?
False
Suppose 320013 = 4*j + 5*s, -5*j + 80*s = 82*s - 400029. Is j composite?
True
Suppose 0 = -23*u - 5*b + 469019, -2*u + 21411 = 4*b - 19359. Is u composite?
False
Let a = 2804 - 1653. Is a a prime number?
True
Suppose 4*k = 2*j + 673104, -27*k + 22*k + j + 841383 = 0. Is k a composite number?
False
Suppose 4*a = -a - 2*t + 51, 0 = -5*t + 15. Let n = 44 + -37. Suppose 0 = a*v - n*v - 586. Is v composite?
False
Suppose 1279 = -14*r + 100161. Suppose -r = -20*m + 13*m. Is m prime?
True
Let w(r) = r**2 + 17*r - 20. Let a = 23 + -41. Let c be w(a). Is c/((-1)/((-65)/(-2))) a composite number?
True
Let u be 492/(-287)*7/(-2). Suppose -g = -2*l - 1482, -g + u*g + l - 7432 = 0. Is g prime?
False
Let f(h) = -h**3 - 24*h**2 + 27*h + 52. Let k be f(-25). Let y(n) = 88*n + 3. Let c be y(k). Let r = 268 - c. Is r composite?
False
Let w(x) = 466*x + 3. Let j(g) = -461*g - 3. Let q(z) = 4*j(z) + 3*w(z). Let h(v) = -v**2 + v + 4. Let o be h(3). Is q(o) composite?
True
Suppose 3*w - 2566817 = 34*w - 27632952. Is w prime?
False
Let u = 453694 - 319773. Is u composite?
True
Suppose 126*m = 159*m - 784839. Is m a prime number?
False
Let v = -727697 + 4369320. Is v prime?
True
Is 0 + (-347283)/(108/(-12)) composite?
True
Let b(x) = -2*x**2 + 2*x + 5. Suppose n - 5*f = 0, -n + 5*n + 5*f = 0. Let l be b(n). Is (-807)/6*(-10)/l*1 a composite number?
False
Suppose 2*b = 17*b - 75. Suppose -710 = b*h - 3*d - 2*d, 0 = -h - 4*d - 147. Let l = h - -2476. Is l composite?
False
Suppose d - 4*r - 26566 - 11404 = 0, d + 3*r = 37935. Suppose -q + 6769 = -5*g, -5*q - 5*g = -d + 4045. Is q prime?
True
Let s = -527 - -542. Suppose 480506 = -s*n + 41*n. Is n prime?
True
Suppose 633744120 = -309*i + 1035*i - 120480582. Is i a composite number?
True
Suppose -189087 = -3*p + 2*g, 35171 = 4*p + 5*g - 216991. Is p a composite number?
True
Suppose -103*z = -102*z + 46. Let p = z + 61. Suppose -p*b + 1409 = -586. Is b a prime number?
False
Let q(d) = -d**2 + 22*d + 25. Let l be q(23). Suppose -2*t + 3*m + 6 = 0, t = 4*m - 0 - l. Let a(c) = c**3 - c**2 + 5*c - 1. Is a(t) prime?
False
Let b(d) = 4*d**2 + 6*d + 8. Let z be b(-2). Let g(m) = 7*m**2 + 12*m - 1. Is g(z) a prime number?
True
Let s(v) = -3 + 40*v - 7 - v**3 + 4 + 1 - 2*v**2 - 3. Is s(-9) prime?
True
Let v(l) = 24*l**3 - 3*l**2 - 2*l - 3. Let d be v(3). Let a = d - 900. Let b = a + 770. Is b a prime number?
False
Let m(o) = 133*o + 115. Suppose -2*y = 2*r - 2, 8*y - 12*y = 3*r. Is m(r) composite?
False
Let o = 220225 + -70872. Is o composite?
True
Let p(v) = 91*v + 9. Let l be (9/(-2) - 1)/(7/(-14)). Suppose 6*s + 70 = l*s. Is p(s) prime?
True
Is (-22)/(110/(-288385)) - -2 prime?
True
Let a(c) be the second derivative of 0 - 16*c - 6*c**3 + 11/2*c**2. Is a(-5) a prime number?
True
Suppose 17 = 4*v - p + 5, 4*v + 4*p - 12 = 0. Suppose 2*a - 15 = v*h, -3*a - 20 = -2*a + 4*h. Suppose a*m - 5*m + 290 = 0. Is m a composite number?
True
Suppose 0 = 2*y - 5*a + 4*a - 42300, -4*y + 84596 = -4*a. Suppose -6*m + y + 24107 = 0. Is m a composite number?
True
Let a(n) be the second derivative of 3*n**4/4 - 2*n**3/3 + 3*n**2/2 - 55*n - 1. Let c = 8 - 12. Is a(c) prime?
True
Suppose -5877 = 11*j + 11624. Let q = j + 4028. Is q prime?
True
Suppose 206*u = 211695396 + 337830410. Is u prime?
True
Let x(r) = -3*r**2 - 66*r + 45599. Is x(0) a prime number?
True
Let u = 160748 - 51459. Is u prime?
False
Let h = 2577 - -1660. Is h a composite number?
True
Let j(i) = i**2 - 17*i + 24. Let b(s) = -1. Let c(l) = -3*b(l) - j(l). Let a = 6717 - 6702. Is c(a) prime?
False
Suppose -3*j = -2*n + 2380927 - 624167, 5*j = 3*n - 2635141. Is n prime?
True
Suppose -2 + 12 = m. Suppose -s = 4, m*s + 60 = 5*k + 5*s. Suppose 2553 + 6815 = k*g. Is g prime?
True
Let q = 2760 + -299. Suppose -34*r + 5880 = -14*r. Suppose 5*o = r + q. Is o a composite number?
True
Let m = 3 + -8. Let d be (-1 + 0)*m*24/24. Suppose 0 = -d*u + 7299 + 2566. Is u composite?
False
Let r(u) = 22*u**2 - 3*u - 19. Let f(z) = -20*z**2 + 3*z + 21. Let s(k) = -7*f(k) - 6*r(k). Is s(10) a composite number?
True
Suppose -3*h = 28*h - 5*h. Suppose -30*p - 16*p + 604762 = h. Is p composite?
False
Let x(n) = 2*n**2 - 2*n - 2. Let k be x(2). Suppose 13615 = 3*z + k*z + 5*g, 2*z + 4*g - 5456 = 0. Let u = z + -1805. Is u prime?
False
Let h = 1822 - 805. Let f = h + -533. Let i = 1157 - f. Is i prime?
True
Suppose -h = -p - 1 - 1, -5*p = -3*h. Suppose h*m = 3*z - 11 - 14, 5*z + 2*m - 21 = 0. Suppose 2*i + 7793 = 5*d, 0 = -z*d + i + 522 + 7272. Is d composite?
False
Suppose 5*x + 2744*r - 2739*r = 2347465, -5*r - 939042 = -2*x. Is x composite?
False
Suppose -4252309 = 17*l - 40*l. Is l composite?
True
Let a be (3/5 - (-270)/(-75))*-1. Suppose 2*g - 5*y - 1607 = 0, y = a*g + 5*y - 2353. Let u = 1518 - g. Is u composite?
False
Let i = -84 - -84. Suppose i*u - 4*u = -5*p + 14061, -4*u - 8443 = -3*p. Is p prime?
False
Is (-4)/(-10) + (853568/80 - 19) a composite number?
False
Let a(v) = -v**2 - 7*v + 15. Let p be a(-8). Let q(i) = 123*i**2 - 15*i + 1. Is q(p) composite?
False
Suppose 0 = -4*c - 3*a - 959, -c + 479 = -3*c - a. Let j be 3/(-12) + 18952/32. Let l = j - c. Is l a composite number?
True
Suppose 0 = -5*d + 10652 + 23493. Suppose -20938 = -3*z - d. Is z a composite number?
False
Is (-9)/(0 - -9)*-491485 a composite number?
True
Let o(w) = -167*w - 5. Let m(f) = f**2 + 8*f + 12. Let n be m(-5). Let c be o(n). Let i = -51 + c. Is i a composite number?
True
Suppose 2*g + k - 3 = g, 0 = -g - 4*k + 6. Suppose g*i + t - 2006 = 0, -i = -0*i + 4*t - 1010. Let s = -329 + i. Is s a prime number?
True
Let n(h) = h**2 + 8*h - 8. Let g = 78 - 87. Let p be n(g). Is ((-204)/(-8) + p)*14 prime?
False
Let f(q) = 588 + 412 - 2*q**2 + 115 - 6*q. Let n(z) = -z**2 + 16. Let a be n(-4). Is f(a) composite?
True
Let h(c) = 708*c**2 + 331*c + 24. Is h(7) a prime number?
False
Suppose 0 = 6*i - 0*i - i. Suppose 6*j + 651 - 2937 = i. Is j a composite number?
True
Suppose 0 = -2*g, -2*g + 2680 = 5*y - 3*g. Suppose 0 = -3*b + 4*c + 3891, b = 3*c + 761 + y. Is b a composite number?
False
Let o(x) = -4*x**3 - 41*x**2 - 16*x - 217. Is o(-45) a prime number?
False
Let n = -123733 + 249326. Is n composite?
True
Let k be 45/1